{"id":487,"date":"2023-08-15T10:42:26","date_gmt":"2023-08-15T08:42:26","guid":{"rendered":"https:\/\/www.les-sports.info\/news\/?page_id=487"},"modified":"2023-08-15T10:42:26","modified_gmt":"2023-08-15T08:42:26","slug":"bar-rugby-lyon","status":"publish","type":"page","link":"https:\/\/www.les-sports.info\/news\/bar-rugby-lyon\/","title":{"rendered":"Bar rugby \u00e0 Lyon : les meilleurs bars pour voir les matchs de rugby"},"content":{"rendered":"<p>Lyon, surnomm\u00e9e \u00ab\u00a0la Capitale des Gaules\u00a0\u00bb, est une ville o\u00f9 le rugby occupe une place importante : le club du LOU (<a href=\"https:\/\/www.les-sports.info\/rugby-lyon-ou-resultats-identite-equ1279.html\">Lyon Olympique Universitaire<\/a>), pr\u00e9sent en Top 14 depuis 2016, en est la plus belle illustration. Si vous \u00eates un passionn\u00e9 du rugby ou si vous cherchez simplement \u00e0 vivre une ambiance chaleureuse lors des matchs, d\u00e9couvrez notre s\u00e9lection des <strong>meilleurs bars rugby \u00e0 Lyon<\/strong>.<\/p>\n<h2>Pourquoi les bars de rugby \u00e0 Lyon sont-ils si populaires ?<\/h2>\n<p>Le <strong>rugby<\/strong> est ancr\u00e9 dans la culture lyonnaise, avec des clubs locaux qui ont marqu\u00e9 le sport fran\u00e7ais. Les bars de rugby offrent un espace o\u00f9 les supporters et les amateurs de ce sport peuvent se r\u00e9unir et partager leur passion dans une atmosph\u00e8re conviviale.<\/p>\n<p>Bien s\u00fbr, le football aussi a sa place de choix dans les bars (merci l&rsquo;OL !) et dans vous trouverez \u00e0 Lyon, troisi\u00e8me ville de France, une grande vari\u00e9t\u00e9 de bars sportifs et de pubs d\u00e9di\u00e9s au rugby, offrant ainsi aux fans un large choix d&rsquo;options. Suivez le guide \ud83d\ude42<\/p>\n<h2>Les meilleurs bars rugby \u00e0 Lyon<\/h2>\n<ul>\n<li><span style=\"text-decoration: underline;\">King Arthur Pub<\/span> : entrez dans cette taverne du 2\u00e8me arrondissement, et profitez de l&rsquo;ambiance m\u00e9di\u00e9vale et british pour siroter une pinte en hurlant \u00ab\u00a0Allez les Bleus\u00a0\u00bb, ou quelque chose comme \u00e7a.<\/li>\n<li><span style=\"text-decoration: underline;\">405 Bar \u00e0 Bi\u00e8res<\/span> : comme son nom l&rsquo;indique, le 405 fait la part belle \u00e0 la boisson dor\u00e9e. Retransmissions sportives et musique rock sont aussi au programme. On appr\u00e9cie le tr\u00e8s grande carte des bi\u00e8res. Un vrai bar rugby comme on aime.<\/li>\n<li><span style=\"text-decoration: underline;\">Elephant &amp; Castle Lyon<\/span> : sur le quai de Bondy, dans le 5\u00e8me arrondissement, ne ratez pas ce pub qui propose matchs de rugby mais aussi des soir\u00e9es quiz. <em>So british,<\/em> et quelle bonne ambiance !<\/li>\n<\/ul>\n<figure id=\"attachment_490\" aria-describedby=\"caption-attachment-490\" style=\"width: 670px\" class=\"wp-caption aligncenter\"><img decoding=\"async\" class=\"wp-image-490 size-full\" src=\"http:\/\/www.les-sports.info\/news\/wp-content\/uploads\/2023\/08\/king-arthur-bar.jpg\" alt=\"\" width=\"680\" height=\"385\" srcset=\"https:\/\/www.les-sports.info\/news\/wp-content\/uploads\/2023\/08\/king-arthur-bar.jpg 680w, https:\/\/www.les-sports.info\/news\/wp-content\/uploads\/2023\/08\/king-arthur-bar-300x170.jpg 300w\" sizes=\"(max-width: 680px) 100vw, 680px\" \/><figcaption id=\"caption-attachment-490\" class=\"wp-caption-text\">King Arthur Bar &#8211; Cr\u00e9dit Image : Google Maps<\/figcaption><\/figure>\n<div class=\"mceTemp\"><\/div>\n<ul>\n<li><span style=\"text-decoration: underline;\">Gnome et Rh\u00f4ne<\/span> : un nom atypique pour un bar-bistro extr\u00eamement sympathique. Diffusion de matchs, DJ \u00e0 l&rsquo;occasion et concerts qui font plaisir, le Gnome &amp; Rh\u00f4ne est d\u00e9j\u00e0 une adresse incontournable dans le 3\u00e8me arrondissement.<\/li>\n<li><span style=\"text-decoration: underline;\">Wallace<\/span> : l&rsquo;un des bars sportifs les plus connus de la ville. Amateur de bi\u00e8res, de burgers ou de whiskies ? Vous \u00eates au bon endroit ! Une super ambiance est au programme \u00e0 chaque match de rugby.<\/li>\n<li><span style=\"text-decoration: underline;\">Big White<\/span> : un pub tout ce qu&rsquo;il y a de plus classe, dans le vieux Lyon, sur la place du Change. A l&rsquo;int\u00e9rieur, des vieilles pierres et des bonnes bi\u00e8res (<em>world beers<\/em>, dit l&rsquo;enseigne), et suffisamment d&rsquo;\u00e9crans pour voir toutes les actions du match. Une bonne adresse.<\/li>\n<\/ul>\n<figure id=\"attachment_489\" aria-describedby=\"caption-attachment-489\" style=\"width: 670px\" class=\"wp-caption aligncenter\"><img decoding=\"async\" class=\"wp-image-489 size-full\" src=\"http:\/\/www.les-sports.info\/news\/wp-content\/uploads\/2023\/08\/elephant-et-castle.jpg\" alt=\"\" width=\"680\" height=\"510\" srcset=\"https:\/\/www.les-sports.info\/news\/wp-content\/uploads\/2023\/08\/elephant-et-castle.jpg 680w, https:\/\/www.les-sports.info\/news\/wp-content\/uploads\/2023\/08\/elephant-et-castle-300x225.jpg 300w\" sizes=\"(max-width: 680px) 100vw, 680px\" \/><figcaption id=\"caption-attachment-489\" class=\"wp-caption-text\">Elephant &amp; Castle &#8211; Cr\u00e9dit image : Google Maps<\/figcaption><\/figure>\n<ul>\n<li><span style=\"text-decoration: underline;\">Le Flanigan&rsquo;s<\/span> : un nom british et un d\u00e9cor bois\u00e9 pour ce pub tout proche de l&rsquo;Op\u00e9ra, qui propose l\u00e0 aussi pas mal de bi\u00e8res et de whiskies venus d&rsquo;Outre-manche. Pas mal pour regarder un match de rugby, si vous y trouvez une place bien situ\u00e9e !<\/li>\n<li><span style=\"text-decoration: underline;\">L&rsquo;Antidote<\/span> : voil\u00e0 un pub authentiquement irlandais, convivial et embrum\u00e9 \u00e0 souhait. Pour y voir un match, y siroter une boisson au houblon ou tout simplement pour jouer aux fl\u00e9chettes entre potes, c&rsquo;est une adresse \u00e0 ne pas rater.<\/li>\n<li><span style=\"text-decoration: underline;\">La Mouss&rsquo;Tache<\/span> : une autre bonne adresse dans le 2\u00e8me arrondissement, au 19 Quai Saint-Antoine. Une taverne rouge, \u00ab\u00a0bar festival\u00a0\u00bb qui fait aussi office de restaurant (testez les burgers, c&rsquo;est approuv\u00e9) et qui retransmet les grands matchs de rugby.<\/li>\n<li><span style=\"text-decoration: underline;\">Brasserie du LOU Rugby<\/span> : terminons ce listing en citant le bar du LOU, ou plut\u00f4t une brasserie juste \u00e0 c\u00f4t\u00e9 du Matmut Stadium. Bien s\u00fbr, les matchs y sont retransmis. Si vous ne retrouverez pas toujours l&rsquo;ambiance endiabl\u00e9e des bars du centre-ville, on y croisera toujours des fans de rugby et du club.<\/li>\n<\/ul>\n<figure id=\"attachment_488\" aria-describedby=\"caption-attachment-488\" style=\"width: 670px\" class=\"wp-caption aligncenter\"><img decoding=\"async\" class=\"wp-image-488 size-full\" src=\"http:\/\/www.les-sports.info\/news\/wp-content\/uploads\/2023\/08\/brasserie-du-lou.jpg\" alt=\"\" width=\"680\" height=\"340\" srcset=\"https:\/\/www.les-sports.info\/news\/wp-content\/uploads\/2023\/08\/brasserie-du-lou.jpg 680w, https:\/\/www.les-sports.info\/news\/wp-content\/uploads\/2023\/08\/brasserie-du-lou-300x150.jpg 300w\" sizes=\"(max-width: 680px) 100vw, 680px\" \/><figcaption id=\"caption-attachment-488\" class=\"wp-caption-text\">Brasserie du LOU &#8211; Cr\u00e9dit Image : Google Maps<\/figcaption><\/figure>\n<h2>\u00c9v\u00e9nements et soir\u00e9es sp\u00e9ciales rugby \u00e0 Lyon<\/h2>\n<p>Beaucoup de bars rugby \u00e0 Toulouse organisent des soir\u00e9es th\u00e9matiques, des \u00e9v\u00e9nements sp\u00e9ciaux et des retransmissions de grands matchs, notamment si le LOU signe une \u00e9pop\u00e9e europ\u00e9enne (ah, la victoire en Challenge Europ\u00e9en en 2022 !).<\/p>\n<p>Assurez-vous de ne pas manquer ces occasions m\u00e9morables en restant inform\u00e9 des \u00e9v\u00e9nements \u00e0 venir : les comptes Instagram des bars sont le meilleur moyen de ne pas rater ce genre d&rsquo;\u00e9v\u00e9nement.<\/p>\n<h2>Les crit\u00e8res pour choisir un bar rugby \u00e0 Lyon<\/h2>\n<p>Lorsque vous recherchez un bar pour regarder un match de rugby \u00e0 Lyon, certains crit\u00e8res cl\u00e9s m\u00e9ritent d&rsquo;\u00eatre pris en compte. Voici ce que vous devriez garder \u00e0 l&rsquo;esprit pour s\u00e9lectionner le lieu parfait pour vivre l&rsquo;excitation du rugby<\/p>\n<ol>\n<li><strong>Une ambiance digne de ce nom : <\/strong>l&rsquo;atmosph\u00e8re doit \u00eatre \u00e9lectrique, avec une foule anim\u00e9e et pr\u00eate \u00e0 encourager leur \u00e9quipe pr\u00e9f\u00e9r\u00e9e. Ressentez l&rsquo;engouement collectif qui accompagne chaque essai et chaque action sur le terrain.<\/li>\n<li><strong>Des \u00e9crans suffisants : <\/strong>l&rsquo;\u00e9l\u00e9ment central de tout bon bar rugby est la qualit\u00e9 de la diffusion des matchs. Assurez-vous que le bar dispose d&rsquo;\u00e9crans suffisants en nombre et en taille, permettant \u00e0 chaque personne pr\u00e9sente de profiter pleinement du jeu.<\/li>\n<li><strong>De quoi boire et de quoi manger (pardi) : <\/strong>une vari\u00e9t\u00e9 de boissons, allant des bi\u00e8res rafra\u00eechissantes aux boissons sans alcool (si, si), devrait \u00eatre propos\u00e9e pour r\u00e9pondre aux go\u00fbts de tous les fans. Et il faut aussi trouver de quoi manger !<\/li>\n<li><strong>Localisation : <\/strong>le meilleur bar de rugby \u00e0 Lyon est souvent celui qui se trouve \u00e0 proximit\u00e9 de chez vous &#8211; et c&rsquo;est bien normal. Choisissez un endroit facilement accessible pour vous \u00e9viter de longs d\u00e9placements avant ou apr\u00e8s le match.<\/li>\n<li><strong>Avis en ligne : <\/strong>les t\u00e9moignages et avis d&rsquo;autres clients peuvent servir de guide pr\u00e9cieux lors du choix d&rsquo;un bar. Ils peuvent vous donner un aper\u00e7u de l&rsquo;authenticit\u00e9 du lieu, de l&rsquo;ambiance qui y r\u00e8gne et m\u00eame des prix pratiqu\u00e9s.<\/li>\n<\/ol>\n","protected":false},"excerpt":{"rendered":"<p>Lyon, surnomm\u00e9e \u00ab\u00a0la Capitale des Gaules\u00a0\u00bb, est une ville o\u00f9 le rugby occupe une place importante : le club du LOU (Lyon Olympique Universitaire), pr\u00e9sent en Top 14 depuis 2016, &#8230; <\/p>\n<p class=\"read-more-container\"><a title=\"Bar rugby \u00e0 Lyon : les meilleurs bars pour voir les matchs de rugby\" class=\"read-more button\" href=\"https:\/\/www.les-sports.info\/news\/bar-rugby-lyon\/#more-487\" aria-label=\"En savoir plus sur Bar rugby \u00e0 Lyon : les meilleurs bars pour voir les matchs de rugby\">Voir l&rsquo;article complet<\/a><\/p>\n","protected":false},"author":2,"featured_media":0,"parent":0,"menu_order":0,"comment_status":"closed","ping_status":"closed","template":"","meta":{"_acf_changed":false,"footnotes":""},"class_list":["post-487","page","type-page","status-publish"],"acf":[],"_links":{"self":[{"href":"https:\/\/www.les-sports.info\/news\/wp-json\/wp\/v2\/pages\/487","targetHints":{"allow":["GET"]}}],"collection":[{"href":"https:\/\/www.les-sports.info\/news\/wp-json\/wp\/v2\/pages"}],"about":[{"href":"https:\/\/www.les-sports.info\/news\/wp-json\/wp\/v2\/types\/page"}],"author":[{"embeddable":true,"href":"https:\/\/www.les-sports.info\/news\/wp-json\/wp\/v2\/users\/2"}],"replies":[{"embeddable":true,"href":"https:\/\/www.les-sports.info\/news\/wp-json\/wp\/v2\/comments?post=487"}],"version-history":[{"count":1,"href":"https:\/\/www.les-sports.info\/news\/wp-json\/wp\/v2\/pages\/487\/revisions"}],"predecessor-version":[{"id":491,"href":"https:\/\/www.les-sports.info\/news\/wp-json\/wp\/v2\/pages\/487\/revisions\/491"}],"wp:attachment":[{"href":"https:\/\/www.les-sports.info\/news\/wp-json\/wp\/v2\/media?parent=487"}],"curies":[{"name":"wp","href":"https:\/\/api.w.org\/{rel}","templated":true}]}}