{"id":64,"date":"2023-07-20T14:30:46","date_gmt":"2023-07-20T12:30:46","guid":{"rendered":"https:\/\/www.les-sports.info\/news\/?page_id=64"},"modified":"2023-07-25T17:58:12","modified_gmt":"2023-07-25T15:58:12","slug":"equipe","status":"publish","type":"page","link":"https:\/\/www.les-sports.info\/news\/equipe\/","title":{"rendered":"L&rsquo;\u00e9quipe de r\u00e9daction"},"content":{"rendered":"<p>D\u00e9couvrez l&rsquo;\u00e9quipe r\u00e9dactionnelle du site les-sports.info<\/p>\n<h2>Gabin<\/h2>\n<p><img decoding=\"async\" class=\"alignnone size-medium wp-image-67\" src=\"http:\/\/www.les-sports.info\/news\/wp-content\/uploads\/2023\/07\/photo-gabin-283x300.jpg\" alt=\"\" width=\"283\" height=\"300\" srcset=\"https:\/\/www.les-sports.info\/news\/wp-content\/uploads\/2023\/07\/photo-gabin-283x300.jpg 283w, https:\/\/www.les-sports.info\/news\/wp-content\/uploads\/2023\/07\/photo-gabin.jpg 495w\" sizes=\"(max-width: 283px) 100vw, 283px\" \/><\/p>\n<p>Je r\u00e9dige des articles li\u00e9s au football, au basket ou encore au rugby. Le paradis sur terre ? Un bon match de Pro A regard\u00e9 entre amis&#8230; Si les sports collectifs me passionnent, je m&rsquo;int\u00e9resse aussi \u00e0 certains sports individuels comme le cyclisme et le tennis. Je m&rsquo;implique sur le site les-sports.info depuis 2019, et ce n&rsquo;est pas pr\u00eat de s&rsquo;arr\u00eater !<\/p>\n<p><a href=\"https:\/\/www.les-sports.info\/news\/author\/gabin\/\">Voir tous les articles de Gabin<\/a><\/p>\n<hr \/>\n<h2>Marc<\/h2>\n<p><img decoding=\"async\" class=\"alignnone size-full wp-image-68\" src=\"http:\/\/www.les-sports.info\/news\/wp-content\/uploads\/2023\/07\/photo-marc.png\" alt=\"\" width=\"250\" height=\"259\" \/><\/p>\n<p>Apr\u00e8s avoir collabor\u00e9 aupr\u00e8s de plusieurs hebdomadaires sportifs \u00e0 l&rsquo;\u00e9tranger, je r\u00e9dige aujourd&rsquo;hui des articles pour les-sports.info, essentiellement sur des sports individuels comme le cyclisme sur route, le tennis ou encore le tennis de table. Mais en bon fan de sports en tous genre, s&rsquo;il faut se pencher sur l&rsquo;athl\u00e9, le water-polo ou m\u00eame le curling, je suis partant.<\/p>\n<p>&nbsp;<\/p>\n<p>&nbsp;<\/p>\n<p><em>En fonction des disponibilit\u00e9s de chacun et de l&rsquo;actualit\u00e9 sportive, il est possible que des acteurs externes \u00e0 l&rsquo;\u00e9quipe soient sollicit\u00e9s.<\/em><\/p>\n","protected":false},"excerpt":{"rendered":"<p>D\u00e9couvrez l&rsquo;\u00e9quipe r\u00e9dactionnelle du site les-sports.info Gabin Je r\u00e9dige des articles li\u00e9s au football, au basket ou encore au rugby. Le paradis sur terre ? Un bon match de Pro &#8230; <\/p>\n<p class=\"read-more-container\"><a title=\"L&rsquo;\u00e9quipe de r\u00e9daction\" class=\"read-more button\" href=\"https:\/\/www.les-sports.info\/news\/equipe\/#more-64\" aria-label=\"En savoir plus sur L&rsquo;\u00e9quipe de r\u00e9daction\">Voir l&rsquo;article complet<\/a><\/p>\n","protected":false},"author":2,"featured_media":0,"parent":0,"menu_order":0,"comment_status":"closed","ping_status":"closed","template":"","meta":{"_acf_changed":false,"footnotes":""},"class_list":["post-64","page","type-page","status-publish"],"acf":[],"_links":{"self":[{"href":"https:\/\/www.les-sports.info\/news\/wp-json\/wp\/v2\/pages\/64","targetHints":{"allow":["GET"]}}],"collection":[{"href":"https:\/\/www.les-sports.info\/news\/wp-json\/wp\/v2\/pages"}],"about":[{"href":"https:\/\/www.les-sports.info\/news\/wp-json\/wp\/v2\/types\/page"}],"author":[{"embeddable":true,"href":"https:\/\/www.les-sports.info\/news\/wp-json\/wp\/v2\/users\/2"}],"replies":[{"embeddable":true,"href":"https:\/\/www.les-sports.info\/news\/wp-json\/wp\/v2\/comments?post=64"}],"version-history":[{"count":4,"href":"https:\/\/www.les-sports.info\/news\/wp-json\/wp\/v2\/pages\/64\/revisions"}],"predecessor-version":[{"id":118,"href":"https:\/\/www.les-sports.info\/news\/wp-json\/wp\/v2\/pages\/64\/revisions\/118"}],"wp:attachment":[{"href":"https:\/\/www.les-sports.info\/news\/wp-json\/wp\/v2\/media?parent=64"}],"curies":[{"name":"wp","href":"https:\/\/api.w.org\/{rel}","templated":true}]}}